4*c**2 + 2 - 3*c**2. Let s(i) = -5*a(i) + 3*u(i). Give s(-1).
-5
Let s = -2 + 6. Suppose 6 - 18 = s*l. Let v be (2 - l/(-3))*-1. Let p(h) = 8*h. Give p(v).
-8
Let t(f) = -5*f + 3. Let k(x) = -3*x + 1. Let v(h) = h. Let o be v(7). Let y(d) = o*k(d) - 4*t(d). Determine y(-3).
-2
Suppose 4*w = -4*s + 24, 0 = -0*s - 3*s - 4*w + 21. Let a(y) = -2*y - 1. Determine a(s).
-7
Let d(l) = -l**3 + 4*l**2 + 5*l + 4. Suppose -q + 7 = 2*f - 6, -8 = -2*f. Calculate d(q).
4
Let x(z) = 25*z**2 - 9*z + 16. Let h(i) = -13*i**2 + 4*i - 7. Let b(d) = -9*h(d) - 4*x(d). What is b(-1)?
16
Let a(t) = -1. Let y(x) = x + 8. Let q(f) = -18*a(f) - 2*y(f). Suppose 0 = 85*w - 87*w - 4. What is q(w)?
6
Let s(k) = -1 + 0 + 2*k**2 - k**3 + 2*k + 3*k**2 - 6*k**2. What is s(1)?
-1
Suppose -2*s + 3*s - 5*a = 7, 5*s + 13 = a. Let c(g) = -3*g**2 + 5 - 1 + g**2 - 2*g. Determine c(s).
-8
Let v(d) = d**2 + 3*d - 2. Let h be 0 + 1 - (-1 + 4). Let o be 4 + (0 - 1*h). Suppose 0 = -2*p - 0*p - o. Determine v(p).
-2
Let h be (-9)/(-6) + (-20)/15. Let a(n) be the third derivative of -1/24*n**4 - 2*n**2 - 1/30*n**5 + h*n**3 + 0*n + 0. What is a(1)?
-2
Let g(c) be the third derivative of -5/24*c**4 + 1/120*c**6 + 0*c + 1/20*c**5 + 0 - 5/6*c**3 + 2*c**2. Give g(-4).
-1
Let w(i) = i**3 + 5*i**2 - i - 11. Let h be w(-5). Let r(y) = -y**2 - 8*y + 2. What is r(h)?
14
Suppose -4*q = -7*q + 12. Let k = 8 - 0. Suppose q*z - 12 = k*z. Let p(n) = n**2 + 7*n + 4. Give p(z).
-8
Let t(c) = -c**2 + 4*c - 1. Let q be t(3). Suppose -5*g - 3*x + 20 = q*x, 0 = 5*g - 2*x - 27. Let l(r) = 1 - 1 + r - 3. Determine l(g).
2
Suppose -6 = -2*k - 0*k + 2*t, 5*k - t - 15 = 0. Suppose 4*f - k = p - f, -9 = 3*p + f. Let r(g) = g**3 + 4*g**2 + 3*g + 2. Determine r(p).
2
Let g(b) = 8*b**3 + 9*b**2 + 9*b - 11. Let n(p) = -3*p**3 - 3*p**2 - 3*p + 4. Let z(j) = 4*g(j) + 11*n(j). What is z(4)?
-4
Suppose m + 3*m = 20. Let d(p) = 2*p - 5*p + 0*p + m + 0*p. Calculate d(4).
-7
Let c(s) be the second derivative of s**4/12 + s**3 - 3*s**2/2 - 14*s. What is c(-6)?
-3
Let m(y) = -y + 9. Let i be (3/3)/2*30. Let o(b) = -b**2 + 16*b - 9. Let c be o(i). Determine m(c).
3
Suppose -2*v + 4*p - 12 = 0, 0*p = -v + 4*p - 14. Let m(u) = u**3 + 1 - 7*u**v + 2*u**2 + 2 - 1 - 7*u. Determine m(6).
-4
Let s(z) be the second derivative of z**5/20 - z**4/2 - z**3/6 + 5*z**2/2 + 12*z. Give s(6).
-1
Let k be ((-1)/(-2))/((-6)/4 - -1). Let f(r) = 3*r. What is f(k)?
-3
Let v(q) = -4*q - 7. Let y(c) = -2*c**2 + 5*c + 0*c**2 - c**2 + 9 + 2*c**2. Let r be y(7). What is v(r)?
13
Let x(r) = 65*r**2 + 0 - 1 - r - 48*r**2. Determine x(-1).
17
Let d(k) = -4 + 5*k**2 + 3*k**2 - 3*k - 5*k**2. Give d(3).
14
Let k(t) = t**2 + 4*t. Let v be k(-6). Suppose 4*x - 6*x - v = 0. Let m(d) = -d - 4. What is m(x)?
2
Let l(c) be the first derivative of -3 + 1/2*c**2 - 2*c. Determine l(-5).
-7
Suppose 21 = 6*j + 3. Let d(v) = -3*v**3 + 3*v**3 - 4*v**2 + 3 + v**3 + 3*v. What is d(j)?
3
Let w(s) = -s**2 - 6*s - 5. Let z be 1/1*0/6. Suppose z = -2*i + 5 + 1. Suppose i*k - 1 = -13. Calculate w(k).
3
Let p(y) be the second derivative of y**3/6 - 5*y**2/2 - 6*y. Determine p(-6).
-11
Suppose -3*b + 5*i = -9, 10 = b - 0*i - 4*i. Let t(p) = p**3 - p**2 + 3*p + 1. Calculate t(b).
-17
Let k(g) = -g**2 - g - 1. Suppose 4*s - s + 6 = 0. Calculate k(s).
-3
Let l(y) = 2*y + 4 + 1 - y**2 + 5*y - 2*y. Suppose k = 2*w + 1, k - 2*w = -6*w - 5. Let p be k*(-1 - 0) - -5. What is l(p)?
-1
Let j(c) be the second derivative of 1/12*c**4 - 11*c - 3/2*c**2 + 1/6*c**3 + 0. What is j(0)?
-3
Let c(b) = -b**2 + 6*b + 3. Let t(v) = -2*v**2 + 5*v + 3. Let a(u) = 3*c(u) - 2*t(u). What is a(-6)?
-9
Let m be (-1)/(-3) - 9/((-162)/120). Let a(u) = u - 9. Give a(m).
-2
Let h(j) = j**2 - 10*j - 4. Let i be h(10). Let t(d) = -d**2 - 2*d + 3. Determine t(i).
-5
Let v(y) = -y - 1. Let i(z) = -3*z + 4. Let s(b) = i(b) + 3*v(b). Let l = 10 + -11. Give s(l).
7
Let x(t) = 2*t + 2. Let h = -8 - -4. What is x(h)?
-6
Suppose -5*s + 68 = -4*s. Let k be s/(-20) + 4/10. Let l be -3 + 8/(-6)*k. Let u(c) = 7*c**3 - 2*c + 1. Give u(l).
6
Let c(x) = -x**3 - 4*x**2 - x + 4. Suppose 1 + 4 = -t. Let v = t - -2. Let q be 2 + (v - (3 - 0)). Determine c(q).
8
Let v be (-118)/120 - (-3 + 2). Let m(b) be the third derivative of -v*b**5 - 2*b**2 + 0*b + 0 + 1/6*b**3 + 1/12*b**4. What is m(2)?
1
Let m(h) be the second derivative of -1/6*h**3 + 1/20*h**5 + 0 - 3*h - 2*h**2 + 5/12*h**4. Give m(-5).
1
Let h(z) = z**2 - 7*z - 5. Let w be (-3)/2*(1 + 1). Let t(m) = m**2 - 8*m - 4. Let q(d) = w*h(d) + 2*t(d). Calculate q(5).
7
Let f(p) = 0*p**3 - 5*p + 2*p**3 + 4 - 3*p**3 + 4*p**2. Suppose -14*c + 9*c = -n - 15, -2*c - 3*n + 6 = 0. What is f(c)?
-2
Let m(i) = i - 1. Let w(j) = 5. Let q(z) = 4*m(z) + w(z). Let r(a) = -a**2 - 4*a - 3*a**2 + 9 - 2*a + 3*a**2. Let y be r(-7). Calculate q(y).
9
Let y(f) = f + 13. Let o be y(-9). Let j(n) = n**3 - 6*n**2 + 7*n - 4. Calculate j(o).
-8
Let s(v) = -6*v**2 - 2*v**3 + 4*v**2 - v + v**3 + 4. Calculate s(-3).
16
Let r(j) = -j**3 + 4*j**2 - 2. Suppose -13*q = -21*q + 32. Determine r(q).
-2
Let f be (2 + 1 - 1)/(-1). Suppose -8 = -3*b - b. Let p(z) = 0*z - 1 - z - 5*z**2 + 6*z**b. Determine p(f).
5
Let d(u) be the first derivative of u**3/3 - u**2/2 + 5*u - 6. Let o be 2/5 - 2/5. What is d(o)?
5
Suppose -33 = -3*b + 18. Let d = -13 + b. Let q(a) = -a**3 - a - 1. Let g(s) = -2*s**3 - 3*s**2 - 5*s - 5. Let r(j) = -g(j) + 3*q(j). What is r(d)?
-6
Let f be (4/(-5))/(2/(-5)). Let t(c) = 2*c - 1. Let h(p) = 5*p - 2. Let m(q) = 3*h(q) - 7*t(q). Give m(f).
3
Suppose -7 = -3*d + 2, -d + 15 = -4*q. Let f(s) be the third derivative of 0 + 1/60*s**5 + 1/8*s**4 - 1/6*s**3 - 2*s**2 + 0*s. What is f(q)?
-1
Let v be ((-2)/(-4))/((-10)/80). Let q(c) be the second derivative of c**6/720 - c**4/6 - 2*c. Let m(z) be the third derivative of q(z). What is m(v)?
-4
Let q(i) = -i**2 + 4 + 3*i**2 - 3*i + 0 - i**3 - 1. Determine q(2).
-3
Let d(y) = -10*y**2 - 2 + 3 + 5*y + 1 + 9*y**2. Determine d(4).
6
Suppose 5*z + 11 = -3*q + 2, z + 3 = 0. Let i(k) = 3*k**3 - k**2 - 3*k + 2. Calculate i(q).
16
Suppose 20 = 5*g - 5*u, -5*g + 3*u = -21 - 1. Suppose 1 + 4 = g*p. Let s(n) = -n - 1 - 2 - 5*n**2 + 4. What is s(p)?
-5
Let a(d) = d**2 + 7*d + 4. Let n(h) = -h**2 - 7*h - 5. Let m(o) = -3*a(o) - 4*n(o). Calculate m(-6).
2
Let g be (-45)/(-3)*(-2 - -3). Suppose 2*i - g = -i. Let r(y) = 0 - y**3 + i*y**2 + 2 - 5*y + 3 + 0*y**3. Give r(4).
1
Let q(i) = -3*i + 1. Let o be q(1). Let f = o - -1. Let h(t) be the second derivative of t**5/20 + t**4/12 + t**3/6 + t**2/2 + t. What is h(f)?
0
Let g(c) be the first derivative of c**2/2 + 7*c - 2. Give g(-5).
2
Let z = 37 + -22. Let p(l) = -l + 12. Let u be p(z). Let n(f) = -f**3 - 3*f**2 + f + 4. Let b(q) = 1. Let x(i) = 6*b(i) - n(i). What is x(u)?
5
Let y(a) = 2*a + 5. Suppose 0 = 5*o - 4*t + 33, 4*o + 14 = -t - 2*t. Calculate y(o).
-5
Suppose 2*f = 4*o - 14, -3*f + 7*f - 3*o + 3 = 0. Let p(l) be the third derivative of l**5/60 - l**4/24 - l**3/3 - l**2 - 53. Give p(f).
4
Suppose 4*m + 16 = 0, 9*i - m = 4*i - 6. Let a(p) = 2*p + 1. Let s(n) = -2*n. Let d be s(2). Let x(q) = 2*q + 1. Let v(b) = d*a(b) + 6*x(b). What is v(i)?
-6
Let o(g) = 2*g**2 + 4*g + 3. Let r(a) = a**2 - a. Let p(i) = o(i) - r(i). Suppose c + 5 = 1. Calculate p(c).
-1
Let m be (-2)/(1 - 2/6). Let d(q) = q + 1. Let c(x) = -3*x + 1. Let v(b) = -2*b + 1. Let u(s) = -3*c(s) + 4*v(s). Let h(p) = m*u(p) + 5*d(p). Determine h(-3).
-4
Let q(f) = -f**3 + f + 4. Let t = -1 - -4. Suppose -3*s + 9 = 2*r + 34, s + t = 2*r. Let u = -7 - s. Calculate q(u).
4
Let d(s) = 3*s**2 - s - 7. Let p(l) = 2*l**2 - l - 4. Let o(f) = 3*d(f) - 5*p(f). Determine o(1).
0
Let m(w) = 88*w + 3*w**2 + 1 - 185*w + 92*w - w**2. Suppose 2*x = -5*z + 18, -7*z + 10 = -2*z. What is m(x)?
13
Let x(y) = -y + 2. Let b = -27 + 36. Suppose u - z = -2*u + b, 4*u = -2*z + 2. Determine x(u).
0
Let d be (24/(-48))/(1/(-14)). Let t(v) = -v + 3. Calculate t(d).
-4
Let m(j) be the first derivative of 3*j**2/2 - 9*j + 11. Calculate m(6).
9
Let k(t) be the first derivative of -t**4/4 - 4*t**3/3 - 5*t**2/2 - 2*t - 40. Calculate k(-4).
18
Let y(z) = 2*z. Let w(c) = c - 4. Let b be w(4). Let k be -1 - b/(-1 - 0). Give y(k).
-2
Let h(j) = -2*j - 7. Let k be h(-7). Let r(i) = -i + 2 + k -